omposite?
True
Is 40421639 composite?
True
Is 9207623 a composite number?
True
Is 21282149 prime?
False
Is 12858031 composite?
True
Is 2243845267 a prime number?
True
Is 3909667 prime?
True
Is 17474753 a composite number?
False
Is 9996739 composite?
True
Is 8666591 a composite number?
False
Is 1417019 a prime number?
True
Is 57901147 composite?
False
Is 531948217 a prime number?
True
Is 59027363 composite?
False
Is 1147793 a composite number?
False
Is 73071767 prime?
True
Is 4155859 a prime number?
False
Is 969193 composite?
True
Is 41061169 a composite number?
False
Is 63644741 a composite number?
True
Is 23952703 composite?
True
Is 113945239 a composite number?
True
Is 115067261 prime?
True
Is 46252721 a composite number?
True
Is 166322435 composite?
True
Is 2389961 composite?
True
Is 2336305 a composite number?
True
Is 16941493 composite?
False
Is 199443221 prime?
False
Is 6562571 a prime number?
True
Is 787513 prime?
True
Is 104654507 prime?
True
Is 2527717 composite?
False
Is 2031479 a composite number?
True
Is 52990349 composite?
True
Is 18410153 a composite number?
False
Is 47671307 prime?
True
Is 304631 a prime number?
True
Is 120503269 prime?
False
Is 281319937 prime?
True
Is 16316339 prime?
False
Is 16373191 prime?
False
Is 230953537 prime?
True
Is 5269843 a composite number?
True
Is 1656673 a prime number?
True
Is 4903187 a composite number?
False
Is 7698829 a composite number?
False
Is 649823753 prime?
True
Is 1949459 composite?
False
Is 30060931 a composite number?
True
Is 25142707 a composite number?
True
Is 4339823 prime?
True
Is 12305597 prime?
False
Is 43878722 a composite number?
True
Is 1187807887 prime?
False
Is 8195906 a prime number?
False
Is 110434459 a prime number?
False
Is 11018663 composite?
True
Is 110953406 prime?
False
Is 53857315 composite?
True
Is 271500469 a composite number?
False
Is 5909443 prime?
False
Is 3059377 a composite number?
False
Is 113227481 a prime number?
True
Is 11568871 prime?
True
Is 324833 a composite number?
True
Is 13071391 a prime number?
False
Is 42360559 composite?
False
Is 51601421 a composite number?
True
Is 25452617 composite?
True
Is 139190083 composite?
True
Is 375912377 composite?
False
Is 3666497 a prime number?
False
Is 490429 composite?
True
Is 6451027 a prime number?
False
Is 497858227 a composite number?
False
Is 45251039 prime?
True
Is 2545079 a composite number?
False
Is 14192489 a composite number?
False
Is 874018399 composite?
True
Is 34035931 a prime number?
True
Is 3110719 composite?
True
Is 23011733 a prime number?
True
Is 109447979 prime?
True
Is 10396679 a prime number?
False
Is 1910729 a prime number?
True
Is 18439153 a composite number?
True
Is 202118869 a prime number?
True
Is 276657 a composite number?
True
Is 9153119 composite?
False
Is 3444457 a prime number?
False
Is 24512531 composite?
False
Is 59632511 prime?
False
Is 3574651 prime?
False
Is 2763349 a prime number?
False
Is 64936849 a composite number?
False
Is 650179 a prime number?
True
Is 2681803 prime?
True
Is 10144033 composite?
False
Is 25419551 composite?
False
Is 138797579 a composite number?
True
Is 10121257 a composite number?
False
Is 36543643 prime?
False
Is 77411777 a composite number?
False
Is 26286353 prime?
False
Is 5981387 a prime number?
True
Is 2973479 composite?
False
Is 8417963 prime?
True
Is 5998793 composite?
False
Is 146816309 a prime number?
True
Is 1225723 a composite number?
False
Is 54345563 a prime number?
False
Is 18091607 a prime number?
True
Is 4547381 a composite number?
True
Is 14214583 prime?
True
Is 291846337 composite?
False
Is 12760291 a prime number?
True
Is 66071647 prime?
False
Is 91372663 composite?
False
Is 35261159 prime?
True
Is 151449929 a prime number?
True
Is 11975059 prime?
True
Is 320532871 a composite number?
True
Is 121949801 composite?
True
Is 3070583 prime?
False
Is 1376157 prime?
False
Is 116149 a composite number?
True
Is 80072043 a prime number?
False
Is 1445137 a composite number?
False
Is 4078387 prime?
True
Is 36878957 a composite number?
False
Is 50134219 composite?
False
Is 54161 a prime number?
False
Is 1535895809 a composite number?
True
Is 270871 prime?
False
Is 26619847 a prime number?
True
Is 1436257 a prime number?
True
Is 748511 a composite number?
True
Is 30160621 a prime number?
True
Is 172859497 composite?
False
Is 334127 a prime number?
True
Is 1206831 composite?
True
Is 26494705 prime?
False
Is 370262311 prime?
False
Is 4516249 a prime number?
False
Is 553517 a prime number?
True
Is 1149359 a prime number?
False
Is 80124389 a prime number?
True
Is 53273299 prime?
False
Is 5967193 composite?
False
Is 5603649 composite?
True
Is 37683701 a composite number?
True
Is 3135497 prime?
False
Is 44461 composite?
True
Is 26520629 prime?
False
Is 53223721 a composite number?
False
Is 3690383 prime?
False
Is 6091087 a prime number?
False
Is 74938517 prime?
True
Is 624260551 a composite number?
False
Is 72411673 a prime number?
True
Is 1743943 prime?
False
Is 162961 composite?
True
Is 5173657 composite?
False
Is 19227739 prime?
False
Is 3975439 a composite number?
True
Is 1637851 a composite number?
False
Is 6397357 a prime number?
False
Is 2780329 a prime number?
True
Is 30690817 prime?
True
Is 105713561 composite?
False
Is 69905711 a prime number?
True
Is 6921521 composite?
False
Is 27352999 composite?
False
Is 17885263 a prime number?
False
Is 63719843 composite?
True
Is 93883919 a prime number?
True
Is 4570373 prime?
False
Is 7996009 composite?
True
Is 7238431 a prime number?
False
Is 1709767 a composite number?
False
Is 24757813 a prime number?
True
Is 13462871 composite?
True
Is 293463419 a prime number?
False
Is 17157697 a prime number?
False
Is 30573377 a prime number?
True
Is 6748187 a prime number?
True
Is 3121393 prime?
False
Is 67049967 prime?
False
Is 4427251 composite?
False
Is 42679531 composite?
True
Is 303508423 a prime number?
False
Is 4169587 a prime number?
False
Is 1190671 prime?
True
Is 98843249 prime?
True
Is 4143961661 a composite number?
True
Is 48011 a composite number?
True
Is 354239 prime?
False
Is 155256889 composite?
True
Is 306404619 composite?
True
Is 637237 a prime number?
False
Is 795234805 a prime number?
False
Is 84702595 composite?
True
Is 4059569 composite?
True
Is 45740887 a prime number?
False
Is 2137337 a composite number?
True
Is 7088099 a composite number?
True
Is 451148101 composite?
False
Is 173873555 a composite number?
True
Is 2125987 prime?
True
Is 169298 composite?
True
Is 44768177 composite?
True
Is 1431907 a composite number?
False
Is 82484209 a composite number?
False
Is 29378077 a prime number?
True
Is 217982717 a composite number?
False
Is 46645529 a prime number?
False
Is 703273811 a composite number?
False
Is 10571741 prime?
True
Is 110125777 a prime number?
True
Is 9412081 composite?
True
Is 2754317 a composite number?
True
Is 72794937 a prime number?
False
Is 1352925679 a composite number?
True
Is 945305 prime?
False
Is 118786267 composite?
False
Is 77540941 a prime number?
False
Is 24976687 a composite number?
True
Is 3870337 a composite number?
False
Is 8381215 a prime number?
False
Is 93243457 prime?
True
Is 130766021 prime?
True
Is 3739 prime?
True
Is 3370739 prime?
True
Is 196439959 a composite number?
False
Is 4403761 composite?
True
Is 5514911 composite?
True
Is 1073197 prime?
False
Is 1441667 prime?
False
Is 7331423 a prime number?
False
Is 67597709 a prime number?
True
Is 35728657 a prime number?
False
Is 16040447 prime?
False
Is 705389 a composite number?
False
Is 27844151 composite?
True
Is 34392962 prime?
False
Is 106853 composite?
False
Is 2165779389 composite?
True
Is 53522949 composite?
True
Is 4205627 prime?
False
Is 2534941 prime?
True
Is 29419531 composite?
False
Is 17600903 prime?
False
Is 14590193 a prime number?
False
Is 17711483 a prime number?
True
Is 266528579 a composite number?
False
Is 166351742 composite?
True
Is 4323377 a prime number?
True
Is 93989858 a prime number?
False
Is 198092563 a prime number?
True
Is 1462691 a prime number?
True
Is 2543 a prime number?
True
Is 457298509 a composite number?
False
Is 443939 a composite number?
False
Is 691709321 prime?
True
Is 65188169 a composite number?
True
Is 1262269 prime?
True
Is 6600317 a prime number?
False
Is 